uppose -5*k - 183 = -3*n, n = -n - 2*k + 106. Suppose v = 5*r + 45, -3*v = v + 3*r - 134. Suppose 2*f = 7*f - v. What is the highest common divisor of n and f?
7
Let x(o) = -o**3 - 2*o**2 + 32. Let k be x(0). Calculate the highest common factor of 16 and k.
16
Suppose 0*i + 108 = 9*i. Let m(j) = j**2 - 3*j - 7. Let o be m(5). Calculate the greatest common factor of i and o.
3
Suppose 12*h - 288 = 6*h. Calculate the greatest common divisor of h and 528.
48
Let d = -25 + 60. Calculate the highest common factor of 14 and d.
7
Let k be (-1 - 1) + (0 - 5). Let r = k - -19. Calculate the greatest common divisor of 84 and r.
12
Let f be (8/14)/(5/35). Suppose -f*j - 24 = -104. Let b = 76 - -84. What is the greatest common factor of j and b?
20
Let r(q) = 1. Let p(c) = 3*c. Let w(i) = -p(i) + 5*r(i). Let g be w(-5). What is the greatest common factor of 50 and g?
10
Let m = 40 - 34. Calculate the greatest common divisor of m and 30.
6
Suppose -12 = -5*z + 4*i, z + 2*i + 3*i = 14. What is the highest common factor of z and 44?
4
Suppose 3*b + 2*b = 445. Let j = -45 + b. Suppose -5*q + 43 + 12 = 0. Calculate the highest common factor of q and j.
11
Suppose m - 6*m - 4*n = 0, -5*m + 3*n = -35. Let z = -47 + 67. Calculate the highest common divisor of z and m.
4
Suppose -3*z + f + 0*f = 1, z = 2*f - 2. Let m = 1 - z. Let y be 84/(-6)*(0 - m). Calculate the greatest common factor of y and 42.
14
Suppose 5*x = -2*m + 123, 3*x + 44 = m + 2*x. Suppose 16 - m = -3*y. What is the highest common divisor of 1 and y?
1
Let v = 8 + -5. Let p(g) = 3*g**2 - 3 - 5*g + g**3 + 0 + v*g**2. Let a be p(-6). Calculate the greatest common divisor of a and 3.
3
Let x be 66/8 - 13/52. Calculate the greatest common divisor of x and 16.
8
Let h(t) = -t**2 + 4*t + 8. Let u be h(5). What is the greatest common divisor of u and 12?
3
Let o = -18 + 20. Suppose -n + 5 = 0, -12 = -o*y + y + n. Let i = 51 - -85. What is the greatest common factor of y and i?
17
Suppose 0 = 26*b - 18*b - 8. What is the highest common factor of 2 and b?
1
Let w(i) = i**3 - 8*i**2 + 13*i - 15. Let p be w(7). What is the greatest common factor of p and 9?
9
Let z(v) = 11*v**2 - v - 2. Let x be z(2). Suppose -92 = -g + x. Suppose 2*y + 60 = 7*y. What is the highest common divisor of g and y?
12
Suppose 3*w - 10 = -1. Suppose 0*u + w*u - 15 = 0. Calculate the highest common factor of 55 and u.
5
Let j = -89 - 15. Let p = -60 - j. What is the highest common factor of 4 and p?
4
Suppose 0 = 15*r - 11*r - 2052. What is the highest common divisor of 57 and r?
57
Let w(t) = t**3 - 2*t**2 - t. Let h be w(3). Let a be 23/4 - h/8. Calculate the highest common divisor of a and 5.
5
Let u(j) = j**3 + 4*j**2 + 2*j + 2. Let d be u(-3). Let l = -139 + 144. What is the highest common factor of l and d?
5
Let y = 23 - -117. Calculate the highest common factor of 28 and y.
28
Suppose -5 = 3*c - 2*c, -5*l = -4*c - 30. Suppose l*t - 644 = -2*t. Let z be t/5 + 1/(-5). Calculate the greatest common divisor of 4 and z.
4
Suppose -s - 3*s = -308. Let d = 113 - s. Calculate the highest common divisor of 24 and d.
12
Suppose 0*q + 20 = q. Suppose -h - q = -3*h. What is the greatest common divisor of h and 5?
5
Let c = -2 - -3. Let o be 57 + (0 + c - 1). Let b be -9*38/(-12)*(-12)/(-9). Calculate the greatest common divisor of b and o.
19
Let a(n) = -8*n**3 - 2*n**2 + 2*n + 3. Let v be a(-2). Let z = -18 + 29. What is the highest common divisor of z and v?
11
Let v = -79 + 93. Calculate the highest common factor of 7 and v.
7
Suppose 4*b - 3*n - 14 = -5, -16 = -5*b - n. Let v be 10*b/6 + 1. Suppose t = -o + 12, t + 2*o - 7 = v*o. Calculate the greatest common divisor of 121 and t.
11
Let f(s) = s**2 + 6*s + 11. Let g be f(-6). What is the greatest common divisor of 22 and g?
11
Suppose -7*h + 891 = -4*h. Calculate the greatest common divisor of 27 and h.
27
Let t be -2 - (-1 - 0)*29. Let b be (-2 + 3 - t)*-1. Suppose o = -o + b. Calculate the highest common divisor of o and 65.
13
Let r be 6/9*3 - -106. Let t = -32 + 59. What is the highest common factor of t and r?
27
Suppose 2*j - 19 + 17 = 0. Let n be (-3)/2*(-4)/6. What is the greatest common factor of n and j?
1
Let j(f) = -14*f - 7. Let t = -4 + -3. Let a be j(t). Suppose i - 41 = a. What is the highest common divisor of i and 12?
12
Suppose -67*i = -63*i - 320. What is the highest common divisor of i and 20?
20
Let c be 3 + (0 - 1) - -26. What is the highest common divisor of 42 and c?
14
Let c = -9 - -25. Let d(t) = 10*t - 8. Let z be d(4). Calculate the highest common factor of c and z.
16
Suppose -t + 3*t = -6. Let p be 3 - (-6)/t - -2. What is the highest common divisor of 3 and p?
3
Let c = 31 - -9. Let f be 76/10 + 2/5. What is the greatest common factor of c and f?
8
Let m = 143 - -39. Calculate the highest common factor of m and 26.
26
Let b(n) = 4*n**2 - 2*n + 1. Let r be b(1). What is the greatest common factor of r and 1?
1
Suppose 0*r = 2*a + 3*r - 117, 3*a = -4*r + 176. Suppose v - 5*h + h - 40 = 0, 0 = -3*v + h + 76. Calculate the greatest common factor of v and a.
12
Suppose 3*g - 322 = 191. Suppose y - 4*y + g = 0. What is the greatest common factor of 19 and y?
19
Let c(d) = -d**2 + 6*d + 3. Let v be c(6). Let m(f) = 9*f + 2. Let l be m(v). Calculate the greatest common factor of 203 and l.
29
Suppose u = h + 28, 51 = 4*u + 3*h - 33. Let x = -14 + u. Let l(y) = -2*y + 6. Let t be l(-12). Calculate the highest common factor of t and x.
10
Suppose g = -0*g + 21. Let p be (-28)/g*(-41 + -1). Let v be 4/(-8) + (-87)/(-6). What is the greatest common divisor of p and v?
14
Let j(a) = -a**2 + 3. Let y be j(0). Let t = 4 - 0. Suppose y*b = b + t. What is the highest common divisor of 4 and b?
2
Suppose 5*m = -o - 0*o + 89, -5*o + 13 = m. Let i be (-1 - -2)/((-2)/(-12)). Calculate the greatest common divisor of i and m.
6
Suppose -11*u + 36 - 3 = 0. What is the greatest common divisor of 24 and u?
3
Let h be (-66)/(((-81)/(-30))/(-9)). Calculate the highest common factor of h and 20.
20
Let m be ((-1)/(-2) - 1)*282. Let u = 207 + m. Suppose -5*w + 3*w = -12. Calculate the highest common factor of w and u.
6
Suppose 0*k = 2*k - 22. Let s(n) = -n + 16. Let f be s(k). Calculate the greatest common divisor of 40 and f.
5
Let m(y) = y**2 - 7*y - 6. Let i be m(8). Let q(x) = 5*x**3 + 3*x - 1. Let z be q(i). Calculate the highest common divisor of 9 and z.
9
Suppose 0*d + 2*d - 8 = 0. Let c be ((-2)/d)/(1/18). Let w be c/(-1 + 0/(-1)). What is the greatest common factor of w and 1?
1
Let d = -61 + 87. What is the highest common divisor of d and 26?
26
Suppose 2*g + 2*g = -3*t - 7, 2*g - 3*t = 19. Calculate the highest common factor of 16 and g.
2
Suppose 0*x = -4*x + 16. Let t be (-3)/((-3)/28)*17/17. Calculate the greatest common divisor of t and x.
4
Let r(x) = -x**3 + 8*x**2 - 7*x. Let w be r(7). Suppose w*o + 29 = o + 3*p, 4 = -2*p. Calculate the greatest common factor of 14 and o.
7
Suppose 0 = -10*s + 40. Let t = -1 - -1. Suppose t = -2*j - j + 3*v + 33, -1 = -j - v. Calculate the greatest common factor of j and s.
2
Suppose 0 = 3*q - 6*q - 570. Let p = q - -270. Let v(y) = -y**2 + 9*y - 4. Let s be v(7). Calculate the greatest common divisor of s and p.
10
Let k(w) = 4*w - 8. Let l be k(10). Suppose 2*z - l = 40. Calculate the greatest common factor of 54 and z.
18
Let k(j) = j**3 - 7*j**2 + 13*j + 9. Let n be k(7). What is the greatest common divisor of n and 20?
20
Suppose 285 = 7*o + 12*o. Calculate the highest common divisor of 40 and o.
5
Let z be (-3)/(-3) + (1 - 3). Let t be ((-15)/(-2))/(z/2). Let y be (-828)/t + (-1)/5. What is the greatest common factor of 11 and y?
11
Suppose 0 = 13*s - 12*s - 10. What is the greatest common factor of 100 and s?
10
Let p(x) = -9*x + 72. Let f be p(0). Calculate the greatest common factor of f and 9.
9
Let d(v) = 15*v + 3. Suppose -3*q = -2 - 4, 4*h = 4*q - 20. Let y = h + 6. Let p be d(y). Calculate the highest common divisor of p and 16.
16
Let k be (-89)/(-2) + (-1)/2. Calculate the highest common divisor of 4 and k.
4
Suppose -3*l - 2*p = 45 - 115, 0 = -5*p - 5. Calculate the greatest common divisor of 240 and l.
24
Let d(g) = -8*g - 11. Let j be d(-2). What is the highest common factor of j and 40?
5
Let z be 2 + 